Suppose 41 + v = h. What is the remainder when h is divided by 17?
14
Suppose 0 = -6*p + 104 + 148. What is the remainder when 130 is divided by p?
4
Let s be 3 + (20 - (-2 - 0)). Let m = s - 23. Suppose 3*k - 6 = 2*k. Calculate the remainder when k is divided by m.
0
Let n = -3 - -28. Let d = -205 - -308. Suppose 43 = 2*q - d. What is the remainder when q is divided by n?
23
Suppose -30 = -b - 4*b. Let s = -2 + b. Let g = -10 + 15. Calculate the remainder when g is divided by s.
1
Let t = 1465 - 1403. Calculate the remainder when 119 is divided by t.
57
Suppose 0 = -v - f + 7, -5*f = -5*v + 80 - 25. Suppose v = -4*p + 85. Calculate the remainder when 54 is divided by p.
16
Suppose -4*b + 43*m = 41*m - 1476, -5*m - 360 = -b. What is the remainder when b is divided by 18?
10
Let h = 45 - 3. Suppose -l = 4*n + 4*l - 31, 4*n = 5*l + 1. Suppose 0 = z - n + 2, -3*k = -4*z - 25. What is the remainder when h is divided by k?
9
Suppose 2*o - 2 = -4*c - 0, 5 = -5*c - 4*o. Let j = 58 + 163. Calculate the remainder when 152/26 + 34/j is divided by c.
0
Let m be (1 - (4 + -1)) + 10. Calculate the remainder when 26 is divided by -2*4/m*-7.
5
Suppose 5*r + 0*r = 10. Suppose -2*j + 20 = r*j. Suppose -3*f - 1 = -7. What is the remainder when j is divided by f?
1
Let x = -807 - -970. What is the remainder when x is divided by 13?
7
Let m(o) = o**3 - 29*o**2 + 14. Let s be m(29). Suppose -24*v + s*v + 100 = 0. What is the remainder when 19 is divided by v?
9
Let b(f) = 2*f + 3. Calculate the remainder when -2 - (-8 + 2) - -2 is divided by b(0).
0
Let l be ((-1)/4)/(1/(-20)). Suppose l*x - 193 = 147. Calculate the remainder when x is divided by (63/6)/((-3)/(-4)).
12
Let h = 23 + -18. Suppose -k - 3*j - 52 = 0, -2*k - j = -h*k - 106. Let i = 66 + k. What is the remainder when 56 is divided by i?
27
Let a = 96 - 96. Suppose -3*s = -2*f - 2*f - 141, a = 2*f. What is the remainder when s is divided by 18?
11
Let s(w) = -3*w**2 - 5*w + 4. Let u be s(-3). Let t = u + 43. Calculate the remainder when t is divided by 10.
5
Calculate the remainder when 780/36 + (-2)/(-6) - 0 is divided by 13.
9
Let d be 5 - (2 + -3 + 4). What is the remainder when 1/d - (-1572)/24 is divided by 14?
10
Suppose 50 = 3*c - 34. Let p = -16 + c. Suppose 2*n + n - p = 0. What is the remainder when 5 is divided by n?
1
Suppose -278 = -2*r - 56. Suppose -6*o + r = -o - 4*x, 5*x + 1 = -o. Suppose 4*v - o = -h, h - 76 = -3*h - 4*v. What is the remainder when h is divided by 10?
9
Let x(b) = b**3 + 10*b**2 + 8*b + 8. Let n be x(-9). What is the remainder when 28 is divided by n/3 + (-42)/63?
3
Let u = -360 - -598. What is the remainder when u is divided by 73?
19
Let u(d) = -11*d + 465. Calculate the remainder when u(38) is divided by 372/30 - 2/5.
11
Let w be (-198)/(-4) + (5 - 7/2). Suppose -17*u = -14*u - w. Calculate the remainder when u is divided by 6.
5
Suppose 0 = 3*c + 3*o + 105, -3*c + 5*o - 141 = -36. Let z = c - -45. Suppose 0 = 12*x - z*x - 16. What is the remainder when 23 is divided by x?
7
Let l = 43 - 21. Let f = -16 + 7. What is the remainder when l is divided by (8/3)/((-2)/f)?
10
Let n(r) = 35*r**2 + 27*r + 138. What is the remainder when n(-5) is divided by 55?
53
Suppose 8*x - 1 - 175 = 0. Suppose -x - 14 = -i. Calculate the remainder when i is divided by 10.
6
Suppose 124 + 84 = 4*t. Calculate the remainder when 151 is divided by t.
47
Suppose 0 = 5*f + 5, 2*f + 297 = g + 27. What is the remainder when g is divided by 34?
30
Suppose -2*q - 2*q = -40. Let n be (2 - 0) + q/(-5). Suppose n*d + d = 11. What is the remainder when d is divided by 6?
5
Suppose f + 3*f = 136. Calculate the remainder when f is divided by (715/(-44) - -15)*(-4)/1.
4
Suppose 28*g = 23*g + 30. Let x = 8 + -5. What is the remainder when g is divided by x?
0
Suppose 2*p - 3*n = 16, 0 = -38*p + 42*p + 5*n - 76. What is the remainder when 472 is divided by p?
10
Let i(q) = q + 11. Let m(o) = -o**3 - 15*o**2 - 7*o - 2. Let g be m(-14). Let x = g - -156. What is the remainder when x is divided by i(8)?
18
Calculate the remainder when 161 is divided by (-7)/(-2)*(-301)/(-98)*4.
32
Suppose -50 = -3*w + 2*z, 4*w + z = w + 47. Suppose -w*n + 17*n = 26. What is the remainder when 180 is divided by n?
24
Suppose 4*d - 297 = -17. What is the remainder when d is divided by 26?
18
Suppose 0*v = -4*o - 2*v + 94, -5*v - 18 = -o. Suppose 0*b - b - 13 = 0. Let t = -5 - b. What is the remainder when o is divided by t?
7
Let b(t) = t**3 - 10*t**2 + 7*t - 7. Let v be b(5). Let c = 111 + v. What is the remainder when 137 is divided by c?
11
Let f(z) = z**2 - 13*z + 69. Calculate the remainder when f(14) is divided by 2/(-5) + (-62)/(-5).
11
Let u(a) = -a**2 + 8*a - 8. Let c be u(7). Let h be c/1*(-18 - -6). Suppose -h - 18 = -6*w. Calculate the remainder when w is divided by 4.
1
Calculate the remainder when 253*6/(-3 + 9) is divided by 32.
29
Let z = -67 - -107. Let t be z - (9/3 + -2). Suppose -u - 4*x + t - 12 = 0, x = 2*u - 27. Calculate the remainder when 43 is divided by u.
13
What is the remainder when 20 is divided by 102/27 - 6/(-27)?
0
Let y(s) = s + 10. Let u(o) = o**2 + 8*o - 9. Let k be u(-11). Suppose 2*g - 4*g + 2*t = -k, 30 = 4*g + 2*t. What is the remainder when y(g) is divided by 5?
4
Let z(c) = 3*c**2 + 2*c + 2. Let g be (-4 - 3)*-3 - 3. Suppose -m + 9 + g = 0. Calculate the remainder when m is divided by z(-2).
7
What is the remainder when 3/8 + (-163527)/(-728) is divided by 62?
39
Suppose 3*d + 2 = 2*d. Let r be 3*(-2 + d + 5). Suppose 57 = -0*j + r*j. Calculate the remainder when 74 is divided by j.
17
Let r = -9 - -11. Let n(m) = 7*m + 27*m**2 + r - m**3 - 27*m**2. Calculate the remainder when n(-4) is divided by 13.
12
Suppose 286*o = 232*o + 1026. What is the remainder when 204 is divided by o?
14
Suppose d - 2*d + 141 = 0. Let o be (-20)/50 - (2 + 96/(-15)). Suppose o*p - 7*p = -d. What is the remainder when p is divided by 12?
11
Let b(c) = c**3 - 2*c**2 + 25. Let z be b(0). Suppose -5*q + 70 = -2*k, 0 = q - 4*k + 2*k - 14. What is the remainder when q is divided by (-2 - -1)/((-5)/z)?
4
Let a be 3/(0 - (-1)/1). Suppose 4*f = -a*o + 122, -2*f + 4*o = 2*f - 108. Let u = 9646 + -9630. Calculate the remainder when f is divided by u.
13
Suppose 4*s + w - 4*w = 625, 4*w = -5*s + 789. Calculate the remainder when s is divided by 8.
5
Suppose q + 9 = 4*a - 0*q, -5*a - 3*q + 24 = 0. Suppose -91 = -a*l - 16. Let b = l - 13. What is the remainder when 47 is divided by b?
11
Suppose 7*i = -814 - 572. What is the remainder when (-13)/(-52) - i/8 is divided by 7?
4
Let r(j) = 4*j**2 + 29*j + 221. What is the remainder when r(-6) is divided by 28?
23
Suppose -2*i + 43 = -v, -i - 3*v - 91 = -5*i. Suppose 3*b + i = 52. What is the remainder when 109 is divided by b?
10
Let n(f) = f - 13 + 13 + 84. Let g be n(0). Suppose 0*o = 3*o + 5*u - 46, 5*o = -u + g. What is the remainder when 50 is divided by o?
16
Let j = -3 + 8. Let w(s) = s + 9. Let l be w(-9). Suppose 5*v = -l*r - 3*r + 47, -r - 17 = -3*v. What is the remainder when v is divided by j?
2
Let i = 205 - 157. Suppose -k + 2*z + 132 = -0*z, 583 = 4*k + 3*z. What is the remainder when k is divided by i?
46
Let p = 16 - 15. Let r(k) = 34*k - 2. What is the remainder when r(p) is divided by 1/(-2) - (-23)/2?
10
Let a(d) = -d**3 + 8*d**2 - 5*d - 14. Let b be a(7). Suppose 13*h - 15*h + 216 = b. What is the remainder when h is divided by 22?
20
Suppose 2*v + 2 = 12, -70 = -5*r + 2*v. What is the remainder when (-2 - (-45 - 4))*1 is divided by r?
15
Suppose 4*r + 2*u = 64, -3*u = 7*r - 2*r - 79. Suppose p - 2 = k - 34, 2*k + 2*p = 68. What is the remainder when k is divided by r?
16
Let h(y) = -y - 6. Let g be h(-10). Let j(z) = -z - 6*z - 6 - g*z. Calculate the remainder when j(-5) is divided by 13.
10
Let a = -214 + 237. What is the remainder when a is divided by 13?
10
Let p(t) = 40*t**3 + 399*t**2 - 13*t - 11. Calculate the remainder when 588/9 - 4/(-6) is divided by p(-10).
9
Let t = 83 + -73. Let u = 38 + 1. Suppose -4*i - u = -5*i. What is the remainder when i is divided by t?
9
Let q = -102 - -102. Suppose q = -5*s + 13*s - 944. Calculate the remainder when s is divided by 60.
58
Suppose -15 = -4*k + 9. Suppose 2*h - s = k, -s - s = 4. Suppose -87 - 55